n base 5, what is -1 + 2?
1
In base 12, what is -44 - -1?
-43
In base 8, what is 22526 + 2?
22530
In base 8, what is 4 - -44?
50
In base 7, what is -325 + -1?
-326
In base 16, what is -52 + -8?
-5a
In base 2, what is 100010111 + 100?
100011011
In base 10, what is -5 + 503?
498
In base 6, what is -15 + -301?
-320
In base 15, what is 0 + 10d?
10d
In base 4, what is 3 - 10101?
-10032
In base 12, what is 3 + -20a?
-207
In base 2, what is 111000000 + 100?
111000100
In base 15, what is b4 + -2?
b2
In base 16, what is 94 + -3?
91
In base 14, what is 3 + -1a0?
-19b
In base 8, what is 405 + 3?
410
In base 9, what is 2450 - 5?
2444
In base 16, what is -15 - -97?
82
In base 10, what is -10 + 1849?
1839
In base 10, what is -138 + -4?
-142
In base 6, what is 2130 + 204?
2334
In base 2, what is -101010 - -11000?
-10010
In base 15, what is 3 + 79c?
7a0
In base 5, what is -140 + 32?
-103
In base 11, what is -13 - -3?
-10
In base 9, what is -3 - -87?
84
In base 10, what is 19 + 67?
86
In base 5, what is -1123 + 2?
-1121
In base 2, what is -111000001 - 0?
-111000001
In base 2, what is -111111 - 100?
-1000011
In base 6, what is -15354 - 0?
-15354
In base 11, what is -6 - 24?
-2a
In base 6, what is -11 - 1?
-12
In base 16, what is -45 + -9?
-4e
In base 11, what is 4 - -1?
5
In base 10, what is -11 - -3?
-8
In base 6, what is 0 - 40?
-40
In base 10, what is 0 - 298?
-298
In base 7, what is -154 - 21?
-205
In base 9, what is -338 - 5?
-344
In base 13, what is -3 - -45a?
457
In base 11, what is -128 - 12?
-13a
In base 9, what is 426 - 4?
422
In base 11, what is -6 + -6?
-11
In base 5, what is -10 + 111214?
111204
In base 14, what is -2 + -a13?
-a15
In base 9, what is 87 - -4?
102
In base 11, what is -247 - -28?
-21a
In base 5, what is 0 - -144?
144
In base 8, what is -1237 + 15?
-1222
In base 6, what is -2 - -1250?
1244
In base 11, what is 36 + -4?
32
In base 11, what is 81 - -47?
118
In base 16, what is 5 - 3e?
-39
In base 9, what is 33 - 146?
-113
In base 16, what is -23 + -4?
-27
In base 13, what is -2 - -4b?
49
In base 4, what is -12100 - -2?
-12032
In base 11, what is 1 - -a79?
a7a
In base 15, what is -13 + 47?
34
In base 13, what is -4 - -24?
20
In base 9, what is 3 - -2765?
2768
In base 9, what is -240 + -3?
-243
In base 16, what is 10 - 23?
-13
In base 9, what is -1 + 2507?
2506
In base 12, what is -594 - 2?
-596
In base 8, what is 42144 + 5?
42151
In base 4, what is -2112330 - -11?
-2112313
In base 7, what is 5 + 62?
100
In base 16, what is -5 - -b4?
af
In base 9, what is 4 + -176?
-172
In base 13, what is -154 + -1?
-155
In base 4, what is -21033 - 10?
-21103
In base 10, what is 112 - 12?
100
In base 10, what is 91 - 6?
85
In base 3, what is -10 + 1101?
1021
In base 10, what is -291 + 82?
-209
In base 15, what is 0 - 324?
-324
In base 16, what is -19 + f?
-a
In base 3, what is 211212 - -12?
212001
In base 11, what is 825 + -2?
823
In base 13, what is -5 - 5?
-a
In base 2, what is 1100110001 - -100?
1100110101
In base 7, what is -4 + 52?
45
In base 15, what is 14 - 92?
-7d
In base 5, what is -104 - -10?
-44
In base 2, what is -100 - 1000?
-1100
In base 4, what is 1000023 + -1?
1000022
In base 11, what is 1a5 - -3?
1a8
In base 8, what is -15 - 2020?
-2035
In base 12, what is -213 + -27?
-23a
In base 16, what is -1 + 383?
382
In base 2, what is 1 + 10011011?
10011100
In base 11, what is -2 + -100?
-102
In base 6, what is 212 + -3?
205
In base 3, what is 21002 + -222?
20010
In base 3, what is -212121022 - -11?
-212121011
In base 6, what is -13 + -142?
-155
In base 11, what is 3929 + 4?
3932
In base 2, what is 1011 + -100?
111
In base 3, what is -11122 - -1101?
-10021
In base 4, what is -112 - 123?
-301
In base 5, what is 1 - -4104?
4110
In base 7, what is -41 - 44?
-115
In base 11, what is -10 - -561?
551
In base 16, what is 48 - -4?
4c
In base 11, what is 6 + -45?
-3a
In base 6, what is 1310 + -50?
1220
In base 14, what is -a + -b3d?
-b49
In base 3, what is 2 - -1000001?
1000010
In base 11, what is -7 + 5?
-2
In base 5, what is 3 - 1023?
-1020
In base 16, what is -18 - 4?
-1c
In base 16, what is 3 - -eb?
ee
In base 12, what is 89b + 5?
8a4
In base 6, what is 32 - -3?
35
In base 10, what is -3 + -26?
-29
In base 9, what is 71 + -25?
45
In base 6, what is -2 + -1422?
-1424
In base 14, what is 0 - -cb?
cb
In base 6, what is 2 + -100?
-54
In base 13, what is 12a5 + 3?
12a8
In base 8, what is -102 + -130?
-232
In base 12, what is 60 + -a?
52
In base 4, what is 120 - -1302?
2022
In base 10, what is -1 + -7?
-8
In base 16, what is -1e + 84?
66
In base 12, what is -6 + -77b?
-785
In base 10, what is -7 + -2380?
-2387
In base 10, what is -13 - 156?
-169
In base 10, what is 0 + -1359?
-1359
In base 15, what is 2 + -83?
-81
In base 10, what is 91 - 2?
89
In base 13, what is -11 + 3?
-b
In base 15, what is -3 + -467?
-46a
In base 8, what is -33570 - 4?
-33574
In base 16, what is -759 - 2?
-75b
In base 7, what is 0 - 26?
-26
In base 10, what is -18097 + -2?
-18099
In base 3, what is 1210200 + -11?
1210112
In base 11, what is 1 + -1197?
-1196
In base 4, what is -12 + 1032?
1020
In base 14, what is -2a8 - 4?
-2ac
In base 3, what is 1000 - 211?
12
In base 11, what is 0 - -a3?
a3
In base 7, what is 152 - -3?
155
In base 14, what is d2 - -2?
d4
In base 11, what is -4594 + 1?
-4593
In base 15, what is -3bb - -22?
-399
In base 16, what is -2 + -14fc?
-14fe
In base 16, what is 12 + 4?
16
In base 12, what is 4 + 148b?
1493
In base 14, what is 0 - 3d1?
-3d1
In base 14, what is 5 - -242?
247
In base 9, what is -56 + -15?
-72
In base 6, what is 0 + 1234?
1234
In base 16, what is 9 - 13?
-a
In base 10, what is -2068 - -5?
-2063
In base 16, what is -1 - 34?
-35
In base 5, what is -2 - -3?
1
In base 3, what is -102202 + 1100?
-101102
In base 13, what is -220 + 0?
-220
In base 2, what is -110101001 - -1?
-110101000
In base 7, what is 6 - -131?
140
In base 2, what is -11101100 - -101?
-11100111
In base 16, what is bc9 - 5?
bc4
In base 15, what is 1 + 15?
16
In base 11, what is -8 - -41?
34
In base 2, what is 11 - -10011110001?
10011110100
In base 10, what is -19 - -6?
-13
In base 7, what is 413 - 13?
400
In base 3, what is 20010211 + -10?
20010201
In base 9, what is -4134 - -4?
-4130
In base 4, what is 12 - 1012?
-1000
In base 13, what is -ba - 5?
-c2
In base 6, what is 2100 + -11?
2045
In base 6, what is -1 - 42?
-43
In base 7, what is 143 - -2?
145
In base 3, what is -110 - -202?
22
In base 16, what is 4 - -7d?
81
In base 3, what is -1002220 + -11?
-1010001
In base 8, what is -4 - -2?
-2
In base 5, what is 2 + 1323?
1330
In base 6, what is 5 + -315?
-310
In base 12, what is 366 + 5?
36b
In base 14, what is -d + -80?
-8d
In base 4, what is 12111 - -2?
12113
In base 4, what is 20230 - -21?
20311
In base 10, what is 17 - 4?
13
In base 12, what is 7 - 57?
-50
In base 2, what is -1111 - 111?
-10110
In base 15, what is 3 + -28?
-25
In base 5, what is 0 + -11?
-11
In base 16, what is -6 + -4?
-a
In base 14, what is 16a + -4?
166
In base 5, what is -243310 - -2?
-243303
In base 10, what is 1995 - -2?
1997
In base 15, what is 4b6 + 1?
4b7
In base 7, what is -113 + -5?
-121
In base 14, what is 597 - 1?
596
In base 13, what is 2 + -6?
-4
In base 2, what is -10000111 - 110?
-10001101
In base 5, what is -10 - -344?
334
In base 8, what is 2 - 26?
-24
In base 6, what is 3 - -5?
12
In base 14, what is 0 + 4?
4
In base 14, what is -32 - b?
-3d
In base 10, what is 5 + -71?
-66
In base 10, what is -745 + -4?
-749
In base 7, what is -4 - -3?
-1
In base 16, what is -86f + 8?
-867
In base 6, what is 445 + -20?
425
In base 5, what is -13 - 1?
-14
In base 16, what is -5 + c7?
c2
In base 11, what is 3 + -3a?
-37
In base 15, what is -19e4 - 1?
-19e5
In base 10, what is -1 - 1677?
-1678
In base 13, what is 5 + -118?
-113
In base 2, what is -1011 - -101?
-110
In base 7, what is -106 - 14?
-123
In base 12, what is 5 - -21?
26
In base 15, what is 17 - 20?
-8
In base 14, what is 6 - -6?
c
In base 15, what is -993 - -1?
-992
In base 10, what is 2838 + 0?
2838
In base 14, what is -1 + 5a?
59
In base 15, what is -1 - -c?
b
In base 14, what is 9 - 19?
-10
In base 10, what is 5 + 41?
46
In base 13, what is 149 - 3?
146
In base 9, what is 4 - 646?
-642
In base 12, what is -20b - -1?
-20a
In base 6, what is 142 + -100?